*3 + 6*m**2 - 10*m + 8. Let b(i) = i**2 + i + 1. Let t(v) = 4*b(v) + x(v). What is the units digit of t(9)?
9
Let p(b) = b**3 + 9*b**2 + 7*b + 8. What is the units digit of p(-8)?
6
Let j(f) = f**2 + 6*f + 6. Let d be j(-5). Let a(o) = 11*o + 1. What is the units digit of a(d)?
2
Let y = 35 + -3. Let z = y - 20. What is the tens digit of z?
1
Suppose 0*w = -4*w + 20. What is the units digit of -2 + 7 - (8 - w)?
2
Suppose -17 = -5*p + 3*k, -5*p + 11 = -5*k - 4. Let y(j) = 3*j - 3. Let n be y(p). Suppose n = 2*l - 3. What is the units digit of l?
6
Suppose 69 - 9 = l. Let z = l + -36. What is the units digit of z?
4
Suppose 5 = 2*x + 1. What is the units digit of (7 - 57)*(-1)/x?
5
Let r = 11 - 5. What is the units digit of r?
6
Suppose 0 = 2*k - 34 - 46. What is the units digit of k?
0
Suppose 4*h = h + 54. What is the tens digit of h?
1
Suppose -7*g = -258 - 393. What is the units digit of g?
3
Suppose 0 = 2*d - 3*k - 297, 1 = 5*k - 4. What is the tens digit of (6/5)/(4/d)?
4
Let f(k) = -k**2 + 4*k + 4. Let h be f(4). What is the units digit of h/(-2 - (-39)/18)?
4
Let n be 1/(-6) + 75/18. Suppose n*m + 15 = 4*t - 1, 28 = 2*t + 2*m. Suppose f - t - 4 = 0. What is the tens digit of f?
1
Suppose -i + 29 = -15. Let k = 81 - i. What is the units digit of k?
7
Let t = 0 + 0. Suppose 0*j + 3*j = t. Suppose j = m - 2*w + 1, -m = 3*m - w - 31. What is the units digit of m?
9
Let p = 12 + 61. What is the tens digit of p?
7
Let l be 10 - (1 + 1 - 3). Let a = -10 - -18. Let b = l - a. What is the units digit of b?
3
Suppose 0 = -3*q - 0*q + 3. What is the units digit of (42/24)/(q/12)?
1
Suppose -i - i = 3*y - 237, -2*i - 6 = 0. What is the tens digit of y?
8
Suppose -4 = 3*s - 16. Let g be (-5)/(-3) - (-1)/3. Suppose g*f = f + s. What is the units digit of f?
4
Let d = 55 - 131. Let t = -33 - d. What is the units digit of t?
3
Let n(s) = 2*s**2 + 21*s + 4. Let m(a) = -a. Let f(w) = -2*m(w) - n(w). What is the units digit of f(-9)?
5
Let y(l) be the second derivative of l**4/6 - l**3/3 + 3*l**2/2 + 3*l. What is the units digit of y(2)?
7
Suppose 6*x - x = 10. Let w = 13 + x. What is the tens digit of w?
1
Let o(p) be the third derivative of 2*p**6/15 - p**5/60 + p**4/24 + 2*p**2. What is the tens digit of o(1)?
1
What is the tens digit of (2 - -162) + 3/3?
6
Suppose -18 = -4*g - 6. Suppose g*h + 33 = 168. Let t = h + -30. What is the units digit of t?
5
Suppose -5*v - 3 = -143. Suppose -v + 7 = -3*x. What is the units digit of x?
7
Let m(x) = 12*x - 4. What is the units digit of m(5)?
6
Suppose -s - 4*s = 0. Suppose -4*a = -3*c - 2*a + 2, 5*a = 5*c + 5. Suppose -3*n + c*n - 4 = s. What is the units digit of n?
4
Let h = 545 - 268. What is the hundreds digit of h?
2
Suppose 3*t = -r + 34, -4*t = 3*r - r - 46. Let b = t - 8. Suppose -60 = -b*o - 2*o. What is the units digit of o?
2
Suppose 0 = -4*s + 17 - 1. Suppose 0 = s*t + t + 5. What is the units digit of (-2 - t) + 0 + 6?
5
Let y(n) = -47*n - 1. What is the tens digit of y(-1)?
4
Let n(y) be the third derivative of -y**6/120 + y**5/12 + y**4/8 + 2*y**3 - y**2. What is the tens digit of n(5)?
2
Suppose -35 = -2*f + 3*y + 183, 4*y = -5*f + 591. What is the tens digit of f?
1
Let q(r) = 2*r**2 - 5*r + 17. What is the hundreds digit of q(10)?
1
Suppose -2*p + 35 - 5 = 5*j, 4*p - 3*j - 8 = 0. Let x be (p/3)/((-4)/(-12)). Let w = x - -7. What is the tens digit of w?
1
Let m(n) = -n**3 + n**2 + 6*n + 8. Let h(k) = -3*k**3 + 4*k**2 + 18*k + 24. Let z(b) = -6*h(b) + 17*m(b). What is the units digit of z(8)?
8
Suppose 2*v + 3*v = -3*f + 75, 2*f + 5*v - 45 = 0. Suppose 9*d - 4*d - f = 0. Suppose -10*c + d*c + 24 = 0. What is the units digit of c?
6
Suppose -5*y + 8 = -3*y. Suppose -y*x - 21 = -5*x. What is the tens digit of x?
2
Suppose 2*z + 3*z = 5. Let b = -8 + 15. Let f = z + b. What is the units digit of f?
8
Let h(q) = -33*q - 37. What is the units digit of h(-4)?
5
Let c(s) = 6*s**3 - 2*s**2 - 6*s + 10*s - 4*s + 1. Let m(l) = l**2 + l + 1. Let p be m(-1). What is the units digit of c(p)?
5
Suppose -2*b = 2*b - 2*r - 120, -20 = 5*r. What is the tens digit of b?
2
Let l = -31 - -119. Let n be (-16)/l + 48/22. Suppose n*c + 3*c - 35 = 0. What is the units digit of c?
7
Let g(h) be the third derivative of 0*h + 0 + 1/6*h**3 - 1/24*h**4 - h**2. What is the units digit of g(-2)?
3
Suppose -2*d = -7*d + 25. Suppose -z + 28 = d. What is the tens digit of z?
2
Suppose -55 = -4*m - 19. What is the tens digit of m/6 + 46/4?
1
Let y = -8 - -48. Let m be (-1)/((-35)/(-20) + -2). Suppose m*k - y = 20. What is the tens digit of k?
1
Suppose 15 = -3*i, 0 = -j - 4*j + 3*i - 10. Let z(w) be the second derivative of -w**4/12 - 7*w**3/6 - w**2/2 + w. What is the units digit of z(j)?
9
Suppose -p = -5*n + 415, 0 = 4*n - 2*p - 326. What is the units digit of n?
4
Let a(w) = w**2 + 6*w - 2. Let t = -15 + 5. What is the tens digit of a(t)?
3
What is the tens digit of 36/(44/12 - 3)?
5
Let f = -18 + 13. Let r be 0 + 6 + (f - -3). Suppose 2*c - 3*l - 26 = 0, -r*c + 2*l + 0*l + 44 = 0. What is the units digit of c?
0
Suppose 0 = 2*g + r + r - 2, -2*g - 5*r = 1. Let h be -1*(1 - (-1 + 2)). Suppose h = -l + 2*l - g. What is the units digit of l?
2
Let n(o) = o**2 - o - 2. Let p be n(4). Suppose p*r - 5*r = 130. What is the tens digit of r?
2
Let c(p) = p**2 - p - 1. What is the units digit of c(8)?
5
Suppose 416 = 5*g - g. Let v = 150 - g. What is the units digit of v?
6
Let k(p) = 10*p**2 + 2*p + 4. What is the tens digit of k(2)?
4
Let m = -4 - 9. Let p = m - -39. What is the tens digit of p?
2
Let u(f) = f - 4. Let w = -2 - -6. Let y be u(w). Suppose 3*m + 6 = 0, y = 3*c - 3*m - 7 - 17. What is the units digit of c?
6
Suppose 0 = -t + r + 18, 0*t - 3*r + 34 = t. Let x = 53 - t. What is the units digit of x?
1
Suppose 0 = -3*p - p. Suppose -h + 2*y + 14 = -2*y, p = -h - 4*y - 10. What is the units digit of h?
2
Let k(a) be the second derivative of -a**3/6 - 5*a**2/2 + 4*a. Let i = -9 + 3. What is the units digit of k(i)?
1
Let o(y) = -2*y + 3. Let a be o(7). Let r = a + 15. What is the units digit of r?
4
Let z(h) = -h**3 - h**2 + 3*h - 4. Suppose 0 = -0*y + 4*y + 12. What is the units digit of z(y)?
5
Suppose -2*d = -0*d - 10. Let i be d/(2 - (1 - 0)). Suppose 10*b - i*b = 5. What is the units digit of b?
1
Let z(l) = 16*l - 9. Let o be z(4). Let h = o - 28. What is the tens digit of h?
2
Let y = -3 + 6. Suppose 7*l - 2*l - 160 = 5*i, -y*i = 5*l - 192. What is the tens digit of l?
3
What is the units digit of (-250)/(-7) - 12/(-42)?
6
Let f(b) = -b - 6. Let a be f(-4). What is the tens digit of (-3)/a*320/24?
2
Let i be (-220)/(-35) - 4/14. Suppose -z - 2 = -i. What is the units digit of z?
4
Let g be (-5 - -2)*(-4)/3. Suppose -31 = -g*i - 3. What is the units digit of i?
7
Suppose 2*x + 0*x = 24. Let q = 27 - x. What is the tens digit of q?
1
Let f(s) = s**2 + 5. Let a be f(0). Let h(r) = -r**3 + 5*r**2 + 3*r - 3. What is the units digit of h(a)?
2
Suppose -5*x + 10*x - 110 = 0. What is the units digit of x?
2
Suppose -b = -4*z + 11 - 35, -65 = -3*b + 5*z. What is the tens digit of b?
2
Let r(t) = t + 10. Let k be r(-8). Suppose -2 = p - k*p. Suppose 5*z - p*j - 54 = 20, -3*z + 40 = j. What is the units digit of z?
4
Let u(f) = 2*f**2 - 4*f + 5. Let j be u(5). Suppose 2*r = j - 1. What is the tens digit of r?
1
Let b = 24 + 16. What is the tens digit of b?
4
Let y = -82 + 100. What is the units digit of y?
8
Let g be (8/(-6))/((-3)/9). Suppose -g*u + 3*u - 4*r = 12, 0 = 3*u - 3*r - 24. Suppose -4*k + k - u*o = -23, 2*o = -2*k + 18. What is the tens digit of k?
1
Let d be 3 + 4 + -3 + 28. What is the units digit of d - (0 + 1 - 1)?
2
Let l(p) = -20*p - 20. Let k(o) = 7*o + 7. Let g(u) = -17*k(u) - 6*l(u). Let m be 16/6 + 2/6. What is the units digit of g(m)?
4
Let j(q) = q**2 - 4*q - 7. What is the tens digit of j(9)?
3
Let g = 4 + -3. Suppose 2*i - 2 - 2 = 0. Let s = i - g. What is the units digit of s?
1
Let r = 58 + -46. What is the units digit of r?
2
Let g(s) = -6*s**2 + 15*s + 7. Let n(c) = -1 + 14*c - 4*c**2 + 7 - c**2. Let q(f) = -4*g(f) + 5*n(f). What is the tens digit of q(8)?
1
Let q be (-2 + 2)*2/(-4). Suppose 5*y + 15 - 40 = q. Suppose 0*f - y = -5*f + 2*r, 5*r - 3 = -3*f. What is the units digit of f?
1
Let z be